base 12, what is -1b63623 + -28?
-1b6364b
In base 3, what is 12 - -110221212101?
110221212120
In base 9, what is -21755 - 3726?
-25582
In base 13, what is -5c0 + 9b9aa?
9b3ba
In base 9, what is -171 + -4070?
-4251
In base 16, what is -1dc + -ef2?
-10ce
In base 7, what is -1 + -2056425?
-2056426
In base 6, what is -434243455240 - -3?
-434243455233
In base 6, what is 5 + 15102035544?
15102035553
In base 13, what is c58c696 - -5?
c58c69b
In base 7, what is 242510 - -1363?
244203
In base 11, what is -102783489 - -2?
-102783487
In base 7, what is 1 - 6354460?
-6354456
In base 11, what is -1273 - -30353a?
302277
In base 9, what is 807166380 + -3?
807166376
In base 4, what is -332112 + 221133?
-110313
In base 6, what is 535533 - -254?
540231
In base 14, what is 1460 - -1204c?
134ac
In base 10, what is 3741 - 44893?
-41152
In base 5, what is -1423 - -14130100?
14123122
In base 12, what is 481792 - 25?
481769
In base 10, what is -78349 + 2756?
-75593
In base 15, what is 1 + 15a8aae4?
15a8aae5
In base 4, what is -32 + 20313010020?
20313003322
In base 2, what is -101101 - -1011001110011?
1011001000110
In base 14, what is -883a + d0?
-874a
In base 7, what is 1312 + -61202?
-56560
In base 8, what is -266047 + 320?
-265527
In base 6, what is 10551513034 + -10?
10551513024
In base 9, what is 5 + 160584670?
160584675
In base 3, what is 20 + -20022212012122?
-20022212012102
In base 9, what is -228156 - -28?
-228127
In base 6, what is 2 + 14102234?
14102240
In base 5, what is 204204320203 - -10?
204204320213
In base 11, what is 51 + 2982896?
2982937
In base 6, what is 3501354211 - -4?
3501354215
In base 6, what is 11 + 13452440215?
13452440230
In base 14, what is 4 + -403cd69?
-403cd65
In base 10, what is -222020 - -277?
-221743
In base 5, what is -33 + -221320321?
-221320404
In base 11, what is 391749 + 104?
391852
In base 14, what is -481 + -2d551?
-2d9d2
In base 3, what is 111220121200 + 2022?
111220200222
In base 10, what is -3805707 - -76?
-3805631
In base 10, what is -1612 + 3483?
1871
In base 7, what is -52432 + -2314?
-55046
In base 11, what is 13158 + 4903?
17a60
In base 9, what is -8001 + 2112?
-5778
In base 11, what is 85833272 + 4?
85833276
In base 14, what is 7b + 6b443?
6b4c0
In base 14, what is 3dc389c - -4?
3dc38a2
In base 8, what is -60442 - -6272?
-52150
In base 4, what is 130200001 + -12303?
130121032
In base 14, what is 8 + -9acc5b?
-9acc53
In base 9, what is 5173 + 3812?
10085
In base 2, what is -101001011100100100 - 1100111001?
-101001101001011101
In base 9, what is 13234471 + -6?
13234464
In base 16, what is 316 + -1a6d?
-1757
In base 12, what is -108834 + 547?
-1082a9
In base 16, what is -304 + -11891?
-11b95
In base 10, what is 0 + -11763910?
-11763910
In base 6, what is 130 + -424211?
-424041
In base 11, what is -1 + -62387914?
-62387915
In base 5, what is -332104322 - 40?
-332104412
In base 11, what is -3 - 369813?
-369816
In base 6, what is 110 - 4325333?
-4325223
In base 7, what is -445 + 10346005?
10345230
In base 2, what is 10010011000011011011001100 + 0?
10010011000011011011001100
In base 11, what is 18 + -846408?
-8463a0
In base 5, what is 11 + 40442241?
40442302
In base 12, what is 57 - ab777a?
-ab7723
In base 6, what is -212 - -10142240?
10142024
In base 13, what is -2 - -c9c5212?
c9c5210
In base 2, what is 101011001011110001 + -100011011?
101011000111010110
In base 10, what is -194511 + 11?
-194500
In base 15, what is 4 - 6a8dc0?
-6a8dbb
In base 2, what is -1100000101 - -1010001010001?
1000101001100
In base 16, what is -4944 - 4ca?
-4e0e
In base 2, what is 1 - 10110010110001111110001100?
-10110010110001111110001011
In base 2, what is 1011100111 - -11011101010000100?
11011110101101011
In base 6, what is 0 - 1420521411?
-1420521411
In base 2, what is 0 - 10101110001110000000111?
-10101110001110000000111
In base 9, what is 3 + -20313821?
-20313817
In base 14, what is 35482 + -21?
35461
In base 4, what is -1113 + -12210233?
-12212012
In base 6, what is -23543 - -3524145?
3500202
In base 4, what is -230220020233 - -3?
-230220020230
In base 11, what is 24393 + -6232?
19161
In base 12, what is 55a8 + 23824?
29210
In base 3, what is 10 - -112222001010202?
112222001010212
In base 4, what is -111330320100110 + -1?
-111330320100111
In base 16, what is -4 - 1df929?
-1df92d
In base 13, what is -212200 - -146?
-212087
In base 4, what is 231022 + -1021320?
-130232
In base 15, what is 41bbbbd + -3?
41bbbba
In base 2, what is 110001000110100010 - 100100?
110001000101111110
In base 14, what is 26a51 + 1896?
28507
In base 5, what is 24310 + 410112?
434422
In base 9, what is -2 - 163530?
-163532
In base 5, what is -312 - 423312243?
-423313110
In base 16, what is 74 - -f68ed?
f6961
In base 13, what is 158 + 465a?
47b5
In base 4, what is 1133 + -1211112022?
-1211110223
In base 6, what is 100445450300 + -1?
100445450255
In base 6, what is 35455 + 20324?
100223
In base 13, what is -1 + -258369?
-25836a
In base 13, what is -6 + 42c11b7?
42c11b1
In base 16, what is 35776 - -95?
3580b
In base 4, what is -12033 - 22033333?
-22112032
In base 3, what is 110200210 + -11?
110200122
In base 10, what is 49 + -1670618?
-1670569
In base 6, what is 11 + -41353025?
-41353014
In base 16, what is -1 - -f0e6c3?
f0e6c2
In base 14, what is 51 + -144b4?
-14463
In base 10, what is -157284 + -1722?
-159006
In base 12, what is -1abaab67 + 0?
-1abaab67
In base 4, what is 1231101 - -2331?
1300032
In base 8, what is -12065 + -525?
-12612
In base 12, what is -158474a0 + 3?
-15847499
In base 6, what is -440 - 321554305?
-321555145
In base 16, what is -220 - 40fc?
-431c
In base 11, what is -117 + 278a2?
27786
In base 5, what is 102 + -41111204?
-41111102
In base 14, what is 54da + -19d75?
-14879
In base 3, what is 0 + -2120112121222010?
-2120112121222010
In base 16, what is 231a6 + 212?
233b8
In base 2, what is 1010 - 11100111100000100111?
-11100111100000011101
In base 16, what is 122 - -2462?
2584
In base 3, what is 1002222120 + -122102122?
110112221
In base 4, what is -23002221 + -12330?
-23021211
In base 11, what is -13 - 3991a?
-39932
In base 11, what is 54 - 260a29?
-260985
In base 3, what is 0 - 1220122102000212?
-1220122102000212
In base 4, what is 103 - 13130211?
-13130102
In base 12, what is -33 - -4a5?
472
In base 10, what is -398018176 - -3?
-398018173
In base 9, what is -2 + -1021602?
-1021604
In base 3, what is 1211000 - -121101?
2102101
In base 5, what is -3432434 - -2113?
-3430321
In base 4, what is -11023 - 32130203003?
-32130220032
In base 2, what is -1010011111 - -101110001001?
100011101010
In base 7, what is 240 + 3033?
3303
In base 8, what is -5014 + 17060?
12044
In base 8, what is 337 - -57127?
57466
In base 3, what is -1 + 122000021000?
122000020222
In base 3, what is 20022000211 - 100111?
20021200100
In base 14, what is 34 - -436985?
4369b9
In base 14, what is -18 - d99cdb?
-d99d15
In base 7, what is -3616563023 + -1?
-3616563024
In base 16, what is -4d876 + 8?
-4d86e
In base 5, what is 10010 - 2431433?
-2421423
In base 6, what is -10 + 1050023120?
1050023110
In base 10, what is -62999 + 1767?
-61232
In base 11, what is 4 + 248672a?
2486733
In base 2, what is 110010101011 + 1101111010?
1000000100101
In base 16, what is c72c5 + -6?
c72bf
In base 2, what is 1001111101011110000 - -1110100?
1001111101101100100
In base 13, what is a92 + -11083?
-102c1
In base 9, what is -2 - 18272236?
-18272238
In base 5, what is 3 - 221101432?
-221101424
In base 6, what is -130122152 + 40?
-130122112
In base 6, what is 5 - 111400415?
-111400410
In base 5, what is -2 - 11040434034?
-11040434041
In base 12, what is -16660 - -13a9?
-15273
In base 16, what is bd485b - 6?
bd4855
In base 16, what is -664 + -82f?
-e93
In base 3, what is -20202 + 21111200100?
21111102121
In base 12, what is -32 + 425316?
4252a4
In base 11, what is -3a0574 + 76?
-3a04a9
In base 6, what is 11512021 + -104?
11511513
In base 4, what is -112 - 232332121?
-232332233
In base 6, what is 121152354 - -515?
121153313
In base 2, what is -1110011 + -1100001010111101100?
-1100001011001011111
In base 7, what is 513130016 - 5?
513130011
In base 10, what is 0 + -8819668?
-8819668
In base 12, what is 15 + -69bbb02?
-69bbaa9
In base 4, what is 10003323013 + -1112?
10003321301
In base 5, what is 1020140200410 - 0?
